13. Let x(f) = w*h(f) + 6*u(f). What is x(-2)?
-7
Let d(m) be the second derivative of -m**3/3 - m. Let n be 6/(-15) - 12/(-5). Give d(n).
-4
Suppose 0 = 2*r - 4*r + 4*c + 12, 4*r = c + 10. Suppose -r*i + 12 = 2*i. Let s(q) = 4 - 3 + i*q - 3. Give s(3).
7
Let y(m) = -m + 11 + 13 - 26. Calculate y(-12).
10
Suppose 0 = -2*d - 5 + 13. Let c(g) = 2 + 3 + d*g - 2 + 0. Give c(3).
15
Let f(n) = -9*n**3 - n**2 - 5*n - 7. Let a(w) = -5*w**3 - 3*w - 3. Let m(v) = 5*a(v) - 3*f(v). Let k(j) = j**2 + 1. Let p(l) = -5*k(l) + m(l). What is p(-1)?
-3
Let a be (-1)/((-2)/(-1))*-2. Let r(j) = j - j + j - a. Let w be 4/(-14) + (-32)/(-14). What is r(w)?
1
Let u(y) = 3*y**3 - y**2 + y + 2. Let k(j) = -13*j**3 + 3*j**2 - 5*j - 7. Let z(a) = 2*k(a) + 9*u(a). Give z(3).
1
Let g be 5/(5/4) - 1. Suppose -3*h + 3 = p, 0*h = 2*p + g*h - 6. Let m(f) = 1 - f + 3 - p*f. Determine m(3).
-8
Let q be (2 - 1)*2/2. Suppose 3*s - 2*x = 8 - q, 5*s = 2*x + 13. Suppose s*i - 7*i = -20. Let u(m) = m**3 - 6*m**2 + 4*m + 7. Calculate u(i).
2
Let x(p) be the second derivative of 0 - 3*p + 1/20*p**5 + 1/3*p**3 - p**2 - 1/12*p**4. Determine x(2).
6
Suppose -g = 2*g - 27. Let o(k) = -2*k + 2*k - g - k + k**3. Let j = -4 + 4. What is o(j)?
-9
Let l(z) = 1 - 12*z + 16*z + 6*z. Determine l(2).
21
Suppose 0 = -2*f + g - 11, 2*f - 3*g = 2*g + 1. Let j(u) = u + 10. Calculate j(f).
3
Suppose -9 = 4*l - 4*r + 27, 2*r - 2 = -2*l. Let j(w) = w**2 + 5*w + 1. Calculate j(l).
-3
Let u = 46 + -11. Let x be -1 + 2 + u/(-5). Let o(c) = 0*c + 1 - c - 13 + 0*c. What is o(x)?
-6
Let r(w) = -w + 1. Suppose 2*m - m - 8 = 0. Let t be 2 - 4*(-4)/m. Determine r(t).
-3
Suppose -20 = -2*l + 7*l - 4*j, -5*l - 20 = 3*j. Let v = -2 - l. Suppose -5*b - 20 = 0, -2*u - 2*b = -0*u - v. Let n(i) = -i**3 + 4*i**2 + 7*i - 6. Give n(u).
4
Let j(b) = -b**2 - 9*b + 5. Let y(m) = 2*m**2 + 9*m - 4. Let a(t) = -3*j(t) - 2*y(t). What is a(9)?
-7
Let p(z) be the second derivative of -z**3/6 + 7*z**2 + 23*z. Give p(6).
8
Let m(v) = -2*v - 6 - 2 + 5 - 2*v. Give m(-2).
5
Let v = -22 + 21. Let r(a) be the first derivative of 7*a**2/2 - 5*a + 1. Let q(h) = h - 1. Let t(k) = v*r(k) + 6*q(k). Give t(2).
-3
Let j be (-1)/2*-2 - 2/(-4). Let k(x) be the first derivative of x - 1 + j*x**2. Determine k(1).
4
Let n(c) be the first derivative of 0*c**2 - 1/4*c**4 - 3*c + 0*c**3 - 1. Determine n(0).
-3
Let d(i) = -i**2 + 2*i + 1. Let f(a) = 2*a**2 - 2*a - 2. Let b(s) = -3*d(s) - 2*f(s). Let j = -15 + 18. Suppose -5*y = -j*y - 4. What is b(y)?
-7
Let g(r) be the first derivative of -r**4/4 - r**3/3 + r**2/2 + 4*r - 25. What is g(0)?
4
Let f(w) = 4*w**3 + 27*w**2 + 40*w - 14. Let i(p) = -3*p**3 - 18*p**2 - 27*p + 9. Let n(h) = 5*f(h) + 7*i(h). What is n(10)?
3
Let k(o) = -o**3 - o**2 + o + 1. Suppose 3*s = 7 - 10. Let z = 1 - s. Suppose -m + j = 2, -z*m + 0 = 5*j + 4. Give k(m).
3
Let o(r) = 3*r - 1. Let x(p) = -5*p + 2. Let t(n) = 7*o(n) + 3*x(n). Suppose 2*c + 3*c - 5 = 0. Calculate t(c).
5
Let t(f) = -f**2 + 10*f + 2 - 2*f - 1. Determine t(6).
13
Let b(n) = n**2 - 5*n - 5. Let x be b(6). Let o(q) = -x + 0*q - 2*q + 0*q + 10*q**3. Suppose 0 = 2*s, -3*r + 3*s - 3 = -2*s. What is o(r)?
-9
Suppose -4*k - 3*w = -7*w - 40, 3*k + 2 = -5*w. Let r(g) = g**2 - 6*g - 8. What is r(k)?
-8
Let l(a) = 2*a**2 + 3*a - 2. Let d be (-26)/8 - (-2)/8. What is l(d)?
7
Suppose 0 = 2*r + 4 + 6. Let q(v) = -v**3 - 5*v**2 + v - 2. Calculate q(r).
-7
Let p(a) be the third derivative of -a**5/20 + a**3/6 - 5*a**2. Determine p(-1).
-2
Let z(j) be the second derivative of -j**5/20 - 9*j**2/2 - 2*j. Suppose 0 = 3*s - 4*s + 3. Suppose s*n - 5*q = 5, n + 5*q + 5 = 3*n. What is z(n)?
-9
Let g(o) = -o - 3*o**2 - 3 + 2 - 4*o**2. Let d be (0/(12/(-3)))/2. Suppose 4*q - 1 + 5 = d. Calculate g(q).
-7
Suppose 9 = -2*v + 2*o + o, -2*v + 4*o - 8 = 0. Let n(a) = a**3 + 7*a**2 + 6*a + 5. What is n(v)?
5
Suppose 0 = 4*o + 16, -2*w - 8 = -3*w + o. Let d(y) = -4 + 7*y + w*y**2 - 11*y - 5*y**2. Let s(c) = -5*c**2 + c. Let a be s(1). Give d(a).
-4
Let w be (1/2)/((-1)/(-8)). Let h(r) = -r + 2. Calculate h(w).
-2
Let u(h) = 4*h + 5. Let f = -13 + 8. Give u(f).
-15
Let l(u) = -u**3 + 8*u**2 + 10*u - 11. Suppose 30 = 5*p + 5*h, -p - 4*h - 3 = -0*h. Let i be l(p). Let c(n) = 3*n + 3. Give c(i).
-3
Let u(v) = -v**2 + 4 - 2*v**2 + 0*v**3 - 3 + v**3. Determine u(3).
1
Suppose 5*b - j = 3*j + 13, 5*b - 10 = 5*j. Let d(n) = -5*n + n**3 + 5*n + b. Calculate d(0).
5
Let h(t) = 0*t + 3*t + 5*t + 0 + 3. Calculate h(-3).
-21
Let c(u) = -4*u + 35. Let k be c(7). Let f(i) = -i**2 + 6*i - 1. What is f(k)?
-8
Let g(z) = z**2 + z + 1. Suppose 4*n + 4*y + 3 + 5 = 0, 0 = -5*n + 5*y - 20. What is g(n)?
7
Let l(r) = r - 4. Let f(p) = p**2 + p. Let b(x) = 2*f(x) + l(x). What is b(-3)?
5
Let v(z) = z**3 - 6*z**2 + 5*z + 1. Let w(i) = 2*i**3 - 4*i**2 + 3*i - 1. Let x be w(2). Give v(x).
1
Let n(u) = 6*u. Let i be n(1). Let l(h) = -h**3 + 7*h**2 - 5*h - 4. What is l(i)?
2
Suppose 2*g - 39 = g. Let w be 4/26 + (-6)/g. Suppose -r = -w*r. Let c(d) = -d**2 - d + 3. Determine c(r).
3
Let v(f) = 3*f - 3. Suppose 0 = -l + 3 - 0. Calculate v(l).
6
Let y(s) = -s**3 + 7*s**2 - 8*s + 4. Let j(x) = -x**3 + 4*x**2 + 6*x. Let p be j(5). Give y(p).
14
Let s(g) = -5*g + 4 - 7*g - 6*g**2 - g**3 + 13*g. What is s(-6)?
-2
Let c(d) = 4*d - 13*d - 6 + 8*d + 2*d. Let a(m) = -m**3 + 5*m**2 + m + 1. Let s be a(5). What is c(s)?
0
Suppose y - 2*y + 1 = 0, 0 = -4*d - 5*y - 23. Let h = d - -10. Let u(p) = p**3 - 2*p**2 - p - 1. Give u(h).
5
Let h(q) be the first derivative of 2*q + 1/2*q**2 + 1 + 1/6*q**4 - 1/20*q**5 + 2/3*q**3. Let j(y) be the first derivative of h(y). Determine j(3).
4
Let u(n) = -n**3 + 9*n**2 - 10*n + 11. Let b be u(8). Let g(q) = -13*q - 25. Let i(k) = -6*k + 2*k - 3*k - 13. Let a(o) = -6*g(o) + 11*i(o). Determine a(b).
2
Let m(n) = 6*n**3 + 3*n**2 + 2*n - 12. Let d(v) = v**3 - v**2 - v - 1. Let h(f) = -5*d(f) + m(f). Give h(-7).
-7
Let q(k) = k**3 + 2*k**2 - 3*k. Let u be q(-3). Suppose u*b + 5*d - 7 = 2*b, -d = -b - 5. Let x(h) = -h**2 - 8*h - 6. What is x(b)?
6
Let a be (-1)/(-5) + (-87)/(-15). Let i(x) = x - 9. Let o be i(a). Let s(v) be the second derivative of v**5/20 + v**4/4 + v**2 - 21*v. Give s(o).
2
Let s(r) = r**3 + 1. Let m(o) = -6*o**2 - 7*o - 3. Let c(i) = -m(i) + s(i). Calculate c(-4).
8
Let r(c) = 3*c + 3 - 8*c**2 + 2*c**2 + c + c**3. Let u(y) = y**3 - 2*y**2 + 5. Let h be u(0). What is r(h)?
-2
Suppose 2*c = 5*c - 6. Let z(h) = -1 + 0*h + 0*h - 2*h - 7*h**c + 2. What is z(1)?
-8
Let h(w) = -3*w. Suppose -2*c - 43 + 7 = 0. Suppose 4*x = -16 - 92. Let u be 6/x - (-32)/c. Give h(u).
6
Suppose 0 = 4*q + 2*v + 22, 6*q - 2*q + 4*v = -28. Let r(o) = 3 + 6*o + 3*o**2 - 2*o**2 + 16*o - 16*o. What is r(q)?
-5
Let t(u) = -2*u + 9. Let d = -124 - -128. What is t(d)?
1
Let j(v) = v**2 + 2*v + 1. Let p(g) = -2*g**2 - 4*g - 3. Let x(w) = 5*j(w) + 3*p(w). Give x(-5).
-19
Let d(f) = f**2 + 6*f + 7. Suppose -3*v + 24 = -0*v. Suppose 2 - v = k. Give d(k).
7
Let r(y) be the first derivative of y**4/4 - y**3/3 - y**2 + y - 17. Give r(-2).
-7
Let w(y) = y**2 + 6*y - 7. Let l be -9 + (-2)/(-1) + 2. Determine w(l).
-12
Let a(m) = m + 3. Let d(j) = -j**3 + 4*j**2 - 3*j - 4. Let l be d(3). Let s be a(l). Let w be s - 0 - -5 - 1. Let f(t) = -t**3 + t**2 + 3*t + 2. Determine f(w).
-7
Suppose -3*o + 25 = 2*o, -33 = 4*w - 5*o. Let m = 1 - 6. Let f = w - m. Let y(x) = -x**2 + 4*x - 2. What is y(f)?
1
Let f(b) = b**3 - 6*b**2 + 5*b - 6. Let h = 7 + -5. Suppose 0 = -5*o + h*u, 0 = -2*o + u - 3 + 4. Let y be ((-4)/8)/(o/20). Calculate f(y).
-6
Let i(k) = -k - 1. Let u(f) = f + 13. Let d(q) = -2*i(q) - u(q). What is d(5)?
-6
Let v be 4/(-10) + (-24)/(-10). Let n(d) be the second derivative of d**5/10 - d**2 - 9*d. Give n(v).
14
Let u be 0/(-1)*8/(-16). Let l(n) = u*n + 4*n - 2 - 3*n + n. Give l(5).
8
Let l(w) = 4*w + 1. Let p(b) = -2*b - 4. Let a be p(-7). Suppose -a = -d - 4*d. Suppose d*r - f - 1 = -2*r, -3*r = -f. Calculate l(r).
5
Let j = -8 - -8. Suppose j = -3*z + z + 2. Let o(p) be the third derivative of -p**6/40 - p**5/60 + p**3/6 - p**2. Determine o(z).
-3
Let g(t) = 3*t - 1. Let w(k) = -k**2 + 3*k + 1. Suppose 0 = -3*j - 0*j + 6. Suppose a = j*a - 3. Let o be w(a). Give g(o).
2
Let g(f) = -f**3 + 0 + 0*f - 3*f**2 + 7*f**2 + 1